{"id":138,"date":"2021-01-22T16:49:55","date_gmt":"2021-01-22T15:49:55","guid":{"rendered":"http:\/\/www.cdu-bobenheim.de\/?page_id=138"},"modified":"2024-05-09T13:56:56","modified_gmt":"2024-05-09T11:56:56","slug":"impressum","status":"publish","type":"page","link":"http:\/\/www.cdu-bobenheim.de\/?page_id=138","title":{"rendered":"Impressum"},"content":{"rendered":"\t\t<div data-elementor-type=\"wp-page\" data-elementor-id=\"138\" class=\"elementor elementor-138\">\n\t\t\t\t\t\t\t\t\t<section class=\"elementor-section elementor-top-section elementor-element elementor-element-7e338b52 elementor-section-boxed elementor-section-height-default elementor-section-height-default\" data-id=\"7e338b52\" data-element_type=\"section\">\n\t\t\t\t\t\t<div class=\"elementor-container elementor-column-gap-default\">\n\t\t\t\t\t<div class=\"elementor-column elementor-col-100 elementor-top-column elementor-element elementor-element-1c145396\" data-id=\"1c145396\" data-element_type=\"column\">\n\t\t\t<div class=\"elementor-widget-wrap elementor-element-populated\">\n\t\t\t\t\t\t\t\t<div class=\"elementor-element elementor-element-656283bc elementor-widget elementor-widget-text-editor\" data-id=\"656283bc\" data-element_type=\"widget\" data-widget_type=\"text-editor.default\">\n\t\t\t\t<div class=\"elementor-widget-container\">\n\t\t\t\t\t\t\t<p>Dienstanbieter dieser Seiten ist der<\/p><p><strong>CDU-Ortsverband Bobenheim am Berg<\/strong><br \/>Hinter den G\u00e4rten 1<br \/>67273 Bobenheim am Berg<\/p><p>vertreten durch<\/p><p>Gabriele Hartmann (Vorsitzende)<\/p><p>Inhaltlich Verantwortlicher gem\u00e4\u00df \u00a7 6 MDStV<br \/>Garbriele Hartmann<br \/>Anschrift siehe oben<\/p><p>Telefon 06353 50 77 79<br \/>E-Mail: siehe Kontaktformular der Startseite<\/p><p><strong>Konzeption\/Gestaltung\/Programmierung<\/strong><br \/>CDU-Ortsverband Bobenheim am Berg<\/p><p>\u00a0<\/p><p>Bei dem Inhalt unserer Internetseiten handelt es sich um urheberrechtlich gesch\u00fctzte Werke. Der CDU-Ortsverband Bobenheim\u00a0 am Berg gestattet die \u00dcbernahme von Texten in Datenbest\u00e4nde, die ausschlie\u00dflich f\u00fcr den privaten Gebrauch eines Nutzers bestimmt sind. Die \u00dcbernahme und Nutzung der Daten zu anderen Zwecken bedarf der schriftlichen Zustimmung der Partei.<\/p><p>Haftungshinweis: Im Rahmen unseres Dienstes werden auch Links zu Internetinhalten anderer Anbieter bereitgestellt. Auf den Inhalt dieser Seiten haben wir keinen Einfluss; f\u00fcr den Inhalt ist ausschlie\u00dflich der Betreiber der anderen Website verantwortlich. Trotz der \u00dcberpr\u00fcfung der Inhalte im gesetzlich gebotenen Rahmen m\u00fcssen wir daher jede Verantwortung f\u00fcr den Inhalt dieser Links bzw. der verlinkten Seite ablehnen.<\/p>\t\t\t\t\t\t<\/div>\n\t\t\t\t<\/div>\n\t\t\t\t\t<\/div>\n\t\t<\/div>\n\t\t\t\t\t\t\t<\/div>\n\t\t<\/section>\n\t\t\t\t\t\t\t<\/div>\n\t\t","protected":false},"excerpt":{"rendered":"<p>Dienstanbieter dieser Seiten ist der CDU-Ortsverband Bobenheim am BergHinter den G\u00e4rten 167273 Bobenheim am Berg vertreten durch Gabriele Hartmann (Vorsitzende) Inhaltlich Verantwortlicher gem\u00e4\u00df \u00a7 6 MDStVGarbriele HartmannAnschrift siehe oben Telefon 06353 50 77 79E-Mail: siehe Kontaktformular der Startseite Konzeption\/Gestaltung\/ProgrammierungCDU-Ortsverband Bobenheim am Berg \u00a0 Bei dem Inhalt unserer Internetseiten handelt es sich um urheberrechtlich gesch\u00fctzte Werke. [&hellip;]<\/p>\n","protected":false},"author":1,"featured_media":0,"parent":0,"menu_order":0,"comment_status":"closed","ping_status":"closed","template":"","meta":{"footnotes":""},"_links":{"self":[{"href":"http:\/\/www.cdu-bobenheim.de\/index.php?rest_route=\/wp\/v2\/pages\/138"}],"collection":[{"href":"http:\/\/www.cdu-bobenheim.de\/index.php?rest_route=\/wp\/v2\/pages"}],"about":[{"href":"http:\/\/www.cdu-bobenheim.de\/index.php?rest_route=\/wp\/v2\/types\/page"}],"author":[{"embeddable":true,"href":"http:\/\/www.cdu-bobenheim.de\/index.php?rest_route=\/wp\/v2\/users\/1"}],"replies":[{"embeddable":true,"href":"http:\/\/www.cdu-bobenheim.de\/index.php?rest_route=%2Fwp%2Fv2%2Fcomments&post=138"}],"version-history":[{"count":10,"href":"http:\/\/www.cdu-bobenheim.de\/index.php?rest_route=\/wp\/v2\/pages\/138\/revisions"}],"predecessor-version":[{"id":899,"href":"http:\/\/www.cdu-bobenheim.de\/index.php?rest_route=\/wp\/v2\/pages\/138\/revisions\/899"}],"wp:attachment":[{"href":"http:\/\/www.cdu-bobenheim.de\/index.php?rest_route=%2Fwp%2Fv2%2Fmedia&parent=138"}],"curies":[{"name":"wp","href":"https:\/\/api.w.org\/{rel}","templated":true}]}}